{"id":62,"date":"2021-09-01T13:35:59","date_gmt":"2021-09-01T11:35:59","guid":{"rendered":"http:\/\/starenky.cz\/?page_id=62"},"modified":"2021-09-01T13:38:15","modified_gmt":"2021-09-01T11:38:15","slug":"video","status":"publish","type":"page","link":"https:\/\/starenky.cz\/index.php\/video\/","title":{"rendered":"Video"},"content":{"rendered":"\n<figure class=\"wp-block-embed is-type-video is-provider-youtube wp-block-embed-youtube wp-embed-aspect-16-9 wp-has-aspect-ratio\"><div class=\"wp-block-embed__wrapper\">\n<iframe loading=\"lazy\" title=\"#1\/12 STA\u0158ENKY (LIVE) p\u00edse\u0148 &quot;Buchty makov\u00fd&quot; Most 10.9.2011 \u00a9 Va\u0161ek Sko\u0159epa C\u0160V\" width=\"880\" height=\"495\" src=\"https:\/\/www.youtube.com\/embed\/I9CATB9BCsg?feature=oembed\" frameborder=\"0\" allow=\"accelerometer; autoplay; clipboard-write; encrypted-media; gyroscope; picture-in-picture\" allowfullscreen title=\"#1\/12 STA\u0158ENKY (LIVE) p\u00edse\u0148 \"Buchty makov\u00fd\" Most 10.9.2011 \u00a9 Va\u0161ek Sko\u0159epa C\u0160V\"><\/iframe>\n<\/div><\/figure>\n\n\n\n<figure class=\"wp-block-embed is-type-video is-provider-youtube wp-block-embed-youtube wp-embed-aspect-16-9 wp-has-aspect-ratio\"><div class=\"wp-block-embed__wrapper\">\n<iframe loading=\"lazy\" title=\"# 1. Ros\u0165a \u010capek uv\u00e1d\u00ed: STA\u0158ENKY komplet jako (Schovanky 70 - t\u00fdch let!!!) 27.11.2011\" width=\"880\" height=\"495\" src=\"https:\/\/www.youtube.com\/embed\/bVGCCVdyHFc?feature=oembed\" frameborder=\"0\" allow=\"accelerometer; autoplay; clipboard-write; encrypted-media; gyroscope; picture-in-picture\" allowfullscreen><\/iframe>\n<\/div><\/figure>\n\n\n\n<figure class=\"wp-block-embed is-type-video is-provider-youtube wp-block-embed-youtube wp-embed-aspect-16-9 wp-has-aspect-ratio\"><div class=\"wp-block-embed__wrapper\">\n<iframe loading=\"lazy\" title=\"STA\u0158ENKY &quot;Buchty makov\u00e9&quot; XI. Potlach u Str\u00e1n\u00edk\u016f  \u00a9 Va\u0161ek Sko\u0159epa C\u0160V\" width=\"880\" height=\"495\" src=\"https:\/\/www.youtube.com\/embed\/BpljLy_MX54?feature=oembed\" frameborder=\"0\" allow=\"accelerometer; autoplay; clipboard-write; encrypted-media; gyroscope; picture-in-picture\" allowfullscreen title=\"STA\u0158ENKY \"Buchty makov\u00e9\" XI. Potlach u Str\u00e1n\u00edk\u016f  \u00a9 Va\u0161ek Sko\u0159epa C\u0160V\"><\/iframe>\n<\/div><\/figure>\n","protected":false},"excerpt":{"rendered":"","protected":false},"author":1,"featured_media":0,"parent":0,"menu_order":0,"comment_status":"closed","ping_status":"closed","template":"","meta":{"footnotes":""},"class_list":["post-62","page","type-page","status-publish","hentry"],"_links":{"self":[{"href":"https:\/\/starenky.cz\/index.php\/wp-json\/wp\/v2\/pages\/62","targetHints":{"allow":["GET"]}}],"collection":[{"href":"https:\/\/starenky.cz\/index.php\/wp-json\/wp\/v2\/pages"}],"about":[{"href":"https:\/\/starenky.cz\/index.php\/wp-json\/wp\/v2\/types\/page"}],"author":[{"embeddable":true,"href":"https:\/\/starenky.cz\/index.php\/wp-json\/wp\/v2\/users\/1"}],"replies":[{"embeddable":true,"href":"https:\/\/starenky.cz\/index.php\/wp-json\/wp\/v2\/comments?post=62"}],"version-history":[{"count":2,"href":"https:\/\/starenky.cz\/index.php\/wp-json\/wp\/v2\/pages\/62\/revisions"}],"predecessor-version":[{"id":66,"href":"https:\/\/starenky.cz\/index.php\/wp-json\/wp\/v2\/pages\/62\/revisions\/66"}],"wp:attachment":[{"href":"https:\/\/starenky.cz\/index.php\/wp-json\/wp\/v2\/media?parent=62"}],"curies":[{"name":"wp","href":"https:\/\/api.w.org\/{rel}","templated":true}]}}